{"id":172,"date":"2012-03-29T11:27:41","date_gmt":"2012-03-29T11:27:41","guid":{"rendered":"http:\/\/www.lesmenetriers.com\/WP\/?page_id=172"},"modified":"2022-09-23T13:06:55","modified_gmt":"2022-09-23T13:06:55","slug":"chef-de-choeur","status":"publish","type":"page","link":"https:\/\/www.lesmenetriers.com\/WP\/?page_id=172","title":{"rendered":"Le chef de choeur"},"content":{"rendered":"<h1 style=\"text-align: left;\"><span style=\"font-size: 2.5rem;\"><a href=\"https:\/\/www.lesmenetriers.com\/WP\/wp-content\/uploads\/2020\/09\/Geoffrey-DEGIVES-scaled.jpg\"><img loading=\"lazy\" class=\"alignnone size-medium wp-image-3888\" src=\"https:\/\/www.lesmenetriers.com\/WP\/wp-content\/uploads\/2020\/09\/Geoffrey-DEGIVES-199x300.jpg\" alt=\"\" width=\"199\" height=\"300\" srcset=\"https:\/\/www.lesmenetriers.com\/WP\/wp-content\/uploads\/2020\/09\/Geoffrey-DEGIVES-199x300.jpg 199w, https:\/\/www.lesmenetriers.com\/WP\/wp-content\/uploads\/2020\/09\/Geoffrey-DEGIVES-678x1024.jpg 678w, https:\/\/www.lesmenetriers.com\/WP\/wp-content\/uploads\/2020\/09\/Geoffrey-DEGIVES-768x1159.jpg 768w, https:\/\/www.lesmenetriers.com\/WP\/wp-content\/uploads\/2020\/09\/Geoffrey-DEGIVES-1018x1536.jpg 1018w, https:\/\/www.lesmenetriers.com\/WP\/wp-content\/uploads\/2020\/09\/Geoffrey-DEGIVES-1357x2048.jpg 1357w, https:\/\/www.lesmenetriers.com\/WP\/wp-content\/uploads\/2020\/09\/Geoffrey-DEGIVES-scaled.jpg 1696w\" sizes=\"(max-width: 199px) 100vw, 199px\" \/><\/a>\u00a0 \u00a0<\/span><span style=\"font-size: 2.5rem;\">Geoffrey Degives<\/span><\/h1>\n<p style=\"text-align: left;\">Le t\u00e9nor lyrique-l\u00e9ger belge Geoffrey Degives a obtenu un Master en chant du Koninklijk Conservatorium Brussel ainsi qu\u2019un Master en op\u00e9ra du Dutch National Opera Academy d\u2019Amsterdam et a \u00e9t\u00e9 finaliste du 25e Concours International de Chant de Clermont-Ferrand.<\/p>\n<p>B\u00e9n\u00e9ficiant d\u2019un talent comique naturel pour l\u2019Op\u00e9ra Bouffe et l\u2019Op\u00e9rette, Geoffrey affectionne\u00a0particuli\u00e8rement le r\u00e9pertoire de Jacques Offenbach duquel il a chant\u00e9 plusieurs r\u00f4les aussi bien en jeune premier qu\u2019en fantaisiste. Dans sa qu\u00eate de promouvoir plus largement le r\u00e9pertoire comique, Geoffrey s\u2019associe r\u00e9guli\u00e8rement avec le chef d\u2019orchestre Stijn Saveniers et Volksopera aussi bien sur sc\u00e8ne qu\u2019en live-streaming dans les Morceaux d\u00e9tach\u00e9s.<\/p>\n<p>Geoffrey a \u00e9t\u00e9 invit\u00e9 au Koninklijk Vlaamse Schouwburg (Bruxelles), Op\u00e9ra Royal de Wallonie (Li\u00e8ge), Royal Concertgebouw (Amsterdam), Z\u00e9nith (Caen), Op\u00e9ra-Th\u00e9\u00e2tre (Clermont-Ferrand), Th\u00e9\u00e2tre de l\u2019Archipel (Perpignan), Palais des Festivals (Cannes), Th\u00e9\u00e2tre des Sablons (Neuilly-sur-Seine), Opera Ghent, Arsenal (Metz), St-Marylebone Church &amp;\u00a0Kings Place (Londres), Johannes Kyrka (Stockholm), Philharmonic Hall (Kiev), House of Parliament (Singapour), Teatro Espa\u00f1ol (Madrid), Teatro Solis (Uruguay) ainsi que dans plusieurs festivals en Belgique, Allemagne, Angleterre, France, Pays-Bas, Malaisie, Tha\u00eflande et aux Philippines.<\/p>\n<p>Actuellement et en dehors de ses activit\u00e9s de freelance, Geoffrey est directeur artistique et t\u00e9nor du sextuor vocal Eclectic Singers, il enseigne le chant d\u2019ensemble \u00e0 l\u2019acad\u00e9mie de musique de Waremme et fait partie du pupitre des premiers t\u00e9nors dans le ch\u0153ur fixe du th\u00e9\u00e2tre de La Monnaie\/De Munt.<\/p>\n<p style=\"text-align: left;\">Il dirige Les M\u00e9n\u00e9triers depuis septembre 2022.<\/p>\n<p>Pour plus d\u2019informations, il vous invite \u00e0 visiter son site: <a href=\"http:\/\/www.geoffreydegives.com\">www.geoffreydegives.com<\/a><\/p>\n","protected":false},"excerpt":{"rendered":"<p>\u00a0 \u00a0Geoffrey Degives Le t\u00e9nor lyrique-l\u00e9ger belge Geoffrey Degives a obtenu un Master en chant du Koninklijk Conservatorium Brussel ainsi qu\u2019un Master en op\u00e9ra du Dutch National Opera Academy d\u2019Amsterdam &#8230;<\/p>\n","protected":false},"author":2,"featured_media":0,"parent":163,"menu_order":1,"comment_status":"closed","ping_status":"closed","template":"","meta":[],"_links":{"self":[{"href":"https:\/\/www.lesmenetriers.com\/WP\/index.php?rest_route=\/wp\/v2\/pages\/172"}],"collection":[{"href":"https:\/\/www.lesmenetriers.com\/WP\/index.php?rest_route=\/wp\/v2\/pages"}],"about":[{"href":"https:\/\/www.lesmenetriers.com\/WP\/index.php?rest_route=\/wp\/v2\/types\/page"}],"author":[{"embeddable":true,"href":"https:\/\/www.lesmenetriers.com\/WP\/index.php?rest_route=\/wp\/v2\/users\/2"}],"replies":[{"embeddable":true,"href":"https:\/\/www.lesmenetriers.com\/WP\/index.php?rest_route=%2Fwp%2Fv2%2Fcomments&post=172"}],"version-history":[{"count":25,"href":"https:\/\/www.lesmenetriers.com\/WP\/index.php?rest_route=\/wp\/v2\/pages\/172\/revisions"}],"predecessor-version":[{"id":3890,"href":"https:\/\/www.lesmenetriers.com\/WP\/index.php?rest_route=\/wp\/v2\/pages\/172\/revisions\/3890"}],"up":[{"embeddable":true,"href":"https:\/\/www.lesmenetriers.com\/WP\/index.php?rest_route=\/wp\/v2\/pages\/163"}],"wp:attachment":[{"href":"https:\/\/www.lesmenetriers.com\/WP\/index.php?rest_route=%2Fwp%2Fv2%2Fmedia&parent=172"}],"curies":[{"name":"wp","href":"https:\/\/api.w.org\/{rel}","templated":true}]}}

<h1 style="text-align: left;"><span style="font-size: 2.5rem;"><a href="https://www.lesmenetriers.com/WP/wp-content/uploads/2020/09/Geoffrey-DEGIVES-scaled.jpg"><img loading="lazy" class="alignnone size-medium wp-image-3888" src="https://www.lesmenetriers.com/WP/wp-content/uploads/2020/09/Geoffrey-DEGIVES-199x300.jpg" alt="" width="199" height="300" srcset="https://www.lesmenetriers.com/WP/wp-content/uploads/2020/09/Geoffrey-DEGIVES-199x300.jpg 199w, https://www.lesmenetriers.com/WP/wp-content/uploads/2020/09/Geoffrey-DEGIVES-678x1024.jpg 678w, https://www.lesmenetriers.com/WP/wp-content/uploads/2020/09/Geoffrey-DEGIVES-768x1159.jpg 768w, https://www.lesmenetriers.com/WP/wp-content/uploads/2020/09/Geoffrey-DEGIVES-1018x1536.jpg 1018w, https://www.lesmenetriers.com/WP/wp-content/uploads/2020/09/Geoffrey-DEGIVES-1357x2048.jpg 1357w, https://www.lesmenetriers.com/WP/wp-content/uploads/2020/09/Geoffrey-DEGIVES-scaled.jpg 1696w" sizes="(max-width: 199px) 100vw, 199px" /></a>   </span><span style="font-size: 2.5rem;">Geoffrey Degives</span></h1>
<p style="text-align: left;">Le ténor lyrique-léger belge Geoffrey Degives a obtenu un Master en chant du Koninklijk Conservatorium Brussel ainsi qu’un Master en opéra du Dutch National Opera Academy d’Amsterdam et a été finaliste du 25e Concours International de Chant de Clermont-Ferrand.</p>
<p>Bénéficiant d’un talent comique naturel pour l’Opéra Bouffe et l’Opérette, Geoffrey affectionne particulièrement le répertoire de Jacques Offenbach duquel il a chanté plusieurs rôles aussi bien en jeune premier qu’en fantaisiste. Dans sa quête de promouvoir plus largement le répertoire comique, Geoffrey s’associe régulièrement avec le chef d’orchestre Stijn Saveniers et Volksopera aussi bien sur scène qu’en live-streaming dans les Morceaux détachés.</p>
<p>Geoffrey a été invité au Koninklijk Vlaamse Schouwburg (Bruxelles), Opéra Royal de Wallonie (Liège), Royal Concertgebouw (Amsterdam), Zénith (Caen), Opéra-Théâtre (Clermont-Ferrand), Théâtre de l’Archipel (Perpignan), Palais des Festivals (Cannes), Théâtre des Sablons (Neuilly-sur-Seine), Opera Ghent, Arsenal (Metz), St-Marylebone Church &amp; Kings Place (Londres), Johannes Kyrka (Stockholm), Philharmonic Hall (Kiev), House of Parliament (Singapour), Teatro Español (Madrid), Teatro Solis (Uruguay) ainsi que dans plusieurs festivals en Belgique, Allemagne, Angleterre, France, Pays-Bas, Malaisie, Thaïlande et aux Philippines.</p>
<p>Actuellement et en dehors de ses activités de freelance, Geoffrey est directeur artistique et ténor du sextuor vocal Eclectic Singers, il enseigne le chant d’ensemble à l’académie de musique de Waremme et fait partie du pupitre des premiers ténors dans le chœur fixe du théâtre de La Monnaie/De Munt.</p>
<p style="text-align: left;">Il dirige Les Ménétriers depuis septembre 2022.</p>
<p>Pour plus d’informations, il vous invite à visiter son site: <a href="http://www.geoffreydegives.com">www.geoffreydegives.com</a></p>

<p>   Geoffrey Degives Le ténor lyrique-léger belge Geoffrey Degives a obtenu un Master en chant du Koninklijk Conservatorium Brussel ainsi qu’un Master en opéra du Dutch National Opera Academy d’Amsterdam &#8230;</p>
